*f. Let r = 1838 - f. List the prime factors of (r/(-28))/((-6)/16).
2, 37
Suppose -5*p = 86 - 296. Let b be ((-6)/(-1))/(p/(-560)). Let h = 167 + b. What are the prime factors of h?
3, 29
Suppose 0 = -22*n - 11*n - 264. What are the prime factors of (2 - n/5)/((-7)/(-1505))?
2, 3, 43
Let q(p) = 7691*p**3 + 5*p**2 + 14*p - 17. List the prime factors of q(1).
7, 157
Suppose 38 = 5*p - 16*u + 13*u, -u + 54 = 5*p. Suppose -p*o = -3*o - 399. Let c = o - -44. What are the prime factors of c?
101
Let z(m) = m**3 - m**2 + 14*m - 149. What are the prime factors of z(13)?
3, 229
Let v(c) = -6*c**3 - 4 - 40*c + 36*c + 0*c**2 - 4*c**2. Let r be v(-2). List the prime factors of r + (0 - 1 - -1).
2, 3
Suppose -89 = 8*n + 15. Let a be 8 + n + 1*-9. Let g = 30 - a. What are the prime factors of g?
2, 11
Let n = 498 - 498. Let h(j) = j**3 + 3*j**2 - 8*j + 1493. What are the prime factors of h(n)?
1493
Let y = 2708 - 912. List the prime factors of y.
2, 449
Let u(c) = -111*c**2 - 29*c + 18. Let f(w) = -110*w**2 - 28*w + 17. Let r(k) = -7*f(k) + 6*u(k). List the prime factors of r(3).
991
Let l(c) = -c**3 - 19*c**2 + 21*c + 49. Suppose 4*u - 84 = 8*u. What are the prime factors of l(u)?
2, 5, 7
Let k(g) = -2*g**3 - 16*g**2 + 18*g. Let i be k(-9). Suppose -19*t + 6*t + 20358 = i. List the prime factors of t.
2, 3, 29
Let q(p) = -p**2 + 9*p + 127. Let z be q(16). List the prime factors of (-36)/15*z/(-9) - -395.
3, 7, 19
Suppose -5*p + k + 9471 = 0, 2*k - 7130 + 1437 = -3*p. Let x = p + 6153. List the prime factors of 0 + 1/4 + x/64.
2, 3, 7
What are the prime factors of 17/((-153)/(-225))*(288 + 1)?
5, 17
Let i be (-162)/(-30) + ((-36)/15)/6. Suppose -1553 - 1127 = -i*j. What are the prime factors of j?
2, 67
Let r(y) = 252*y - 1783. List the prime factors of r(36).
37, 197
Suppose 0 = 4*y - 2*l + 33799 - 148297, 3*y - 4*l - 85861 = 0. What are the prime factors of y?
28627
Suppose h = -2*y + 857, -7*y + h + 427 = -6*y. Let m = y - 234. What are the prime factors of m?
2, 97
Let w = -365 + 365. Let j(u) = -2*u + 303. Let n(c) = -c + 302. Let s(p) = -2*j(p) + 3*n(p). List the prime factors of s(w).
2, 3, 5
Let v(i) = -24*i + 90. Let r be v(-11). Let m = 665 - r. List the prime factors of m.
311
Let v(l) = -48 - 14*l - 34*l + 26. Let c be v(-10). Let s = c - 314. What are the prime factors of s?
2, 3
Suppose 4*p = 3*j - 0*p + 36, -4*j = p + 48. Let k be ((80/j)/5)/((-5)/555). What are the prime factors of (36/8)/9*k?
2, 37
Suppose -348*p - 1261369 = -2466495 - 1885462. What are the prime factors of p?
83, 107
Suppose 2151*b - 2096*b - 701635 = 0. What are the prime factors of b?
12757
Let c = -230 - -497. Suppose 3 = q + w + 2*w, 15 = 5*q + 5*w. Suppose 0*j = -q*f - j + c, -355 = -4*f - j. List the prime factors of f.
2, 11
Let g be 0 - (-530)/5 - 0. Let s = g + -104. Suppose 0 = -5*i + t + 1437, 3*i + 0*t = s*t + 858. What are the prime factors of i?
2, 3
Suppose 10 = p + w, 5*p - 3*w = 2*w. Suppose -v + 25 = p*l, -3*v + 6*v - 63 = -3*l. Suppose 0 = -v*n + 22*n - 94. What are the prime factors of n?
47
Let k = 6781 + -1426. Suppose -y = -4*f - 1072, 0 = 5*y - f + 33 - k. List the prime factors of y.
2, 7, 19
Let q = 32858 - 5469. List the prime factors of q.
61, 449
Let o = -59 + 61. Suppose -4*z - 5*n + 6 + o = 0, 0 = 5*z - 3*n + 27. Let r(i) = -2*i**3 + 5*i + 3. List the prime factors of r(z).
2, 3, 7
Let x be 132 + 4 + (-1)/1 + 1. Suppose -3*q + 521 + x = 0. What are the prime factors of q?
3, 73
Let t be (-4 + 3)*(6/(-3) - -5). Let w be 41 + 4 - (-12)/t. Suppose -217 = -2*m + w. What are the prime factors of m?
3, 43
Let f = 757 + -322. What are the prime factors of (5 - 12)/(-7)*f?
3, 5, 29
Suppose 9 = 11*a - 156. List the prime factors of (a/2)/(-3 + 103/34).
3, 5, 17
Let z be (8 + -2 - 2)*67. Suppose n - 2*q - 55 = 0, 8*n + 4*q - z = 4*n. Suppose 0*i + 9*i - n = 0. List the prime factors of i.
7
Let c(o) = 392*o**2 + 7*o + 8. Let z be c(-1). Let v = 2273 - z. What are the prime factors of v?
2, 5, 47
Let a(x) = -4*x - 43 - 2*x + 0*x + 2*x. Let q be a(-18). Suppose 2*j = 229 - q. List the prime factors of j.
2, 5
Let n = -21854 + 49885. List the prime factors of n.
28031
Let g(a) = -2866*a - 608. What are the prime factors of g(-1)?
2, 1129
Let y(n) = -2*n**2 - 26*n - 13. Suppose -5*z - 4*r = 76, -5*z = r - 6*r + 40. Let q be y(z). Suppose 466 = q*l - 1173. List the prime factors of l.
149
Let j = 161505 - 92089. List the prime factors of j.
2, 8677
List the prime factors of 16*13/156*(-70803)/(-12).
7867
Let u = -16568 - -24882. What are the prime factors of u?
2, 4157
Suppose 2*a - 4*m = -118, 0 = -a + 4*m + 29 - 96. Let n = 44 - a. Suppose 5 = -f, 0*j + 5*f - n = -2*j. What are the prime factors of j?
2, 3, 5
Let u(z) = 7021*z + 895. What are the prime factors of u(1)?
2, 1979
Let r(f) = -3*f**2 + 37*f - 30. Let t(p) = -p**2 + 12*p - 10. Let l(g) = -6*r(g) + 17*t(g). Let b be l(17). List the prime factors of 49 + b - 3*1/1.
3, 13
Let w(q) be the third derivative of -q**7/504 + q**6/180 - q**5/60 + 11*q**2. Let r(d) be the third derivative of w(d). What are the prime factors of r(-10)?
2, 13
Suppose -86*k = -92*k + 582. Suppose 3*b - 183 = 6*b. Let i = k + b. List the prime factors of i.
2, 3
Suppose -2 = -3*y + y. Let a be ((-1084)/5)/(y + (-28)/20). Suppose 7*w = a + 214. List the prime factors of w.
2, 3
Let d(y) = 8714*y**2 + 191*y + 387. List the prime factors of d(-2).
71, 491
Let m = 4539 + -2329. Suppose 5*v - m = -2*u, -u - 2280 = -5*v - 70. List the prime factors of v.
2, 13, 17
Suppose -630*r + 17797484 - 3203745 = -4896571. What are the prime factors of r?
30937
Let y = 15745 - -21930. List the prime factors of y.
5, 11, 137
Suppose -8*r + 2*r = 2*r. List the prime factors of (r/1 - -1 - -4) + 316.
3, 107
Let v(u) = 13*u + 9. Let y be 1645/(-14)*-6*(-2)/(-15). Let t = y - 89. What are the prime factors of v(t)?
2, 37
Suppose 0*d + d = 5*i - 1461, 296 = i - 4*d. Let p = -247 - -60. Let a = p + i. What are the prime factors of a?
3, 5, 7
Suppose 0*t = 5*t - 50. Let h(j) = j**2 - 7*j - 4. Let o be h(t). Let z = 48 + o. What are the prime factors of z?
2, 37
Suppose -377801 = 438*y - 17842613. List the prime factors of y.
2, 19937
List the prime factors of (-1175)/(-3*(56/48 + -1)).
2, 5, 47
Let s(r) = r - 1. Let i(n) = -182*n + 80*n + 87 + 77*n - 30. Let j(p) = -i(p) - 4*s(p). List the prime factors of j(9).
2, 17
Suppose -121*h + 1290 = 2*z - 120*h, 3*h = -4*z + 2576. What are the prime factors of z?
647
Let c = 61 - 36. Let i(b) = -8*b - 8*b - 1 + 18*b + c*b**2. List the prime factors of i(-3).
2, 109
Let f = 942 + 23. Suppose -5*d + f = -160. What are the prime factors of d?
3, 5
Suppose -53 + 51 = c. List the prime factors of c/4*(-837 + -1).
419
List the prime factors of (5/3 - (-10)/30)/(1/10486).
2, 7, 107
Let a(y) = -y**2 - 26*y - 116. Let r be a(-6). List the prime factors of ((-6 + r)/(-1))/(-2)*-269.
269
Let g be (-2 + 146/8)*8. Let z = -1315 + 1319. Suppose -3*q = q - 8, -g = -3*l + z*q. List the prime factors of l.
2, 23
Suppose 4*s - 497 = -g, 0*g + 621 = 5*s + g. Suppose -127*f + s*f + 45 = 0. Suppose 8*z + 252 = f*z. List the prime factors of z.
2, 3
Let c = -123 + 207. Suppose c*n = 82*n + 606. List the prime factors of n*-1*5/(-15).
101
Let c = -796 + 824. Suppose 0*r - c*r = -48216. List the prime factors of r.
2, 3, 7, 41
Let c(m) = -597*m + 372. List the prime factors of c(-9).
3, 5, 383
Suppose -3*l - w = -5*l - 1769, 857 = -l - 5*w. Let s = -508 - l. What are the prime factors of s?
2, 11, 17
Let h(l) = l**2 - l + 1. Let w(f) = -7*f**2 + 20*f + 8. Let d(n) = -h(n) - w(n). List the prime factors of d(9).
2, 3, 17
Suppose -7*t + 52440 = 20*t + 11*t. List the prime factors of t.
2, 3, 5, 23
Suppose m + 46 - 34 = 0. Let x = 101 - m. List the prime factors of x.
113
Let x(i) = -36*i - 74. Let o(r) = 71*r + 148. Let t(s) = 3*o(s) + 5*x(s). List the prime factors of t(6).
2, 17
Let f = 8365 - 3205. What are the prime factors of f?
2, 3, 5, 43
Let c = 8145 - -4100. What are the prime factors of c?
5, 31, 79
Let v = 47974 + -21356. What are the prime factors of v?
2, 13309
Let w(r) = -5*r - 14. Let i be w(5). Let t be 346/(-7) - i/91. What are the prime factors of 4/(-14) - 1974/t?
2, 5
Let j = 568 - 565. Let k(f) = 474*f + 80.